{"id":9,"date":"2020-02-21T09:16:29","date_gmt":"2020-02-21T08:16:29","guid":{"rendered":"http:\/\/bergovia.g2.formy.net\/?page_id=9"},"modified":"2020-03-31T15:19:00","modified_gmt":"2020-03-31T13:19:00","slug":"o-nas","status":"publish","type":"page","link":"https:\/\/www.bergoviaevent.pl\/?page_id=9","title":{"rendered":"O nas"},"content":{"rendered":"<div id=\"pl-9\"  class=\"panel-layout\" ><div id=\"pg-9-0\"  class=\"panel-grid panel-has-style\" ><div class=\"arts panel-row-style panel-row-style-for-9-0\" ><div id=\"pgc-9-0-0\"  class=\"panel-grid-cell\" ><div id=\"panel-9-0-0-0\" class=\"so-panel widget widget_sow-editor panel-first-child panel-last-child\" data-index=\"0\" ><div\n\t\t\t\n\t\t\tclass=\"so-widget-sow-editor so-widget-sow-editor-base\"\n\t\t\t\n\t\t>\n<div class=\"siteorigin-widget-tinymce textwidget\">\n\t<h3>Czy istnieje wycieczka idealna?<\/h3>\n<p>Pewnie nie, ale w g\u0142owie Rodzica \u2013 tak. Jest to wycieczka, kt\u00f3r\u0105 sam zorganizowa\u0142 i wszystkiego dopilnowa\u0142 \ud83d\ude42 Jeste\u015b Rodzicem? Opiekunem? Ja te\u017c jestem \u2026 Pozna\u0142em wi\u0119kszo\u015b\u0107 obaw, poczu\u0142em troski zwi\u0105zane z wyjazdem dziecka na wycieczk\u0119 i ob\u00f3z. Zawsze dziesi\u0105tki pyta\u0144 przelatywa\u0142o mi przez g\u0142ow\u0119 \u2026 Czy moje dziecko b\u0119dzie bezpieczne? Jak sobie da rad\u0119? Czy to sprawdzony autokar i kierowca z do\u015bwiadczeniem? Jak si\u0119 nim zaopiekuj\u0105? Czy wyjazd b\u0119dzie atrakcyjny i dobrze zorganizowany? I jeszcze kolejne ...<br \/>\nPomy\u015blisz \u2013 nadopieku\u0144czy rodzic \u2026<br \/>\nPewnie ka\u017cdy z nas jest troch\u0119 nadopieku\u0144czy. Bo troszczymy si\u0119 o swoj\u0105 pociech\u0119, dbamy o najwi\u0119ksz\u0105 warto\u015b\u0107, czyli dobro swojego dziecka. Dlatego uwielbiam organizowa\u0107 wyjazdy, podr\u00f3\u017cowa\u0107 z rodzin\u0105 i znajomymi, wybieraj\u0105c zawsze bezpiecze\u0144stwo, atrakcyjny program i doskona\u0142\u0105 organizacj\u0119.<\/p>\n<\/div>\n<\/div><\/div><\/div><div id=\"pgc-9-0-1\"  class=\"panel-grid-cell\" ><div id=\"panel-9-0-1-0\" class=\"so-panel widget widget_sow-image panel-first-child panel-last-child\" data-index=\"1\" ><div\n\t\t\t\n\t\t\tclass=\"so-widget-sow-image so-widget-sow-image-default-8b5b6f678277-9\"\n\t\t\t\n\t\t>\n\n<div class=\"sow-image-container\">\n\t\t<img loading=\"lazy\" decoding=\"async\" src=\"https:\/\/www.bergoviaevent.pl\/wp-content\/uploads\/2020\/02\/o-nas-page.jpg\" width=\"495\" height=\"598\" srcset=\"https:\/\/www.bergoviaevent.pl\/wp-content\/uploads\/2020\/02\/o-nas-page.jpg 495w, https:\/\/www.bergoviaevent.pl\/wp-content\/uploads\/2020\/02\/o-nas-page-250x302.jpg 250w, https:\/\/www.bergoviaevent.pl\/wp-content\/uploads\/2020\/02\/o-nas-page-120x145.jpg 120w\" sizes=\"auto, (max-width: 495px) 100vw, 495px\" alt=\"\" \t\tclass=\"so-widget-image\"\/>\n\t<\/div>\n\n<\/div><\/div><\/div><\/div><\/div><div id=\"pg-9-1\"  class=\"panel-grid panel-has-style\" ><div class=\"panel-row-style panel-row-style-for-9-1\" ><div id=\"pgc-9-1-0\"  class=\"panel-grid-cell\" ><div id=\"panel-9-1-0-0\" class=\"so-panel widget widget_sow-editor panel-first-child panel-last-child\" data-index=\"2\" ><div\n\t\t\t\n\t\t\tclass=\"so-widget-sow-editor so-widget-sow-editor-base\"\n\t\t\t\n\t\t>\n<div class=\"siteorigin-widget-tinymce textwidget\">\n\t<p>Je\u015bli prze\u017cywasz podobne rozterki przed wyjazdem dziecka, je\u015bli jeste\u015b czasem nadopieku\u0144czy, to dobrze trafi\u0142e\u015b. To wycieczki dla Twoich dzieci! Zadbamy o najmniejsze szczeg\u00f3\u0142y i zawsze znajdziemy wyj\u015bcie z trudnej sytuacji.<\/p>\n<\/div>\n<\/div><\/div><\/div><\/div><\/div><div id=\"pg-9-2\"  class=\"panel-grid panel-has-style\" ><div class=\"bgg siteorigin-panels-stretch panel-row-style panel-row-style-for-9-2\" data-stretch-type=\"full\" ><div id=\"pgc-9-2-0\"  class=\"panel-grid-cell\" ><div id=\"panel-9-2-0-0\" class=\"so-panel widget widget_sow-image panel-first-child panel-last-child\" data-index=\"3\" ><div\n\t\t\t\n\t\t\tclass=\"so-widget-sow-image so-widget-sow-image-default-8b5b6f678277-9\"\n\t\t\t\n\t\t>\n\n<div class=\"sow-image-container\">\n\t\t<img loading=\"lazy\" decoding=\"async\" src=\"https:\/\/www.bergoviaevent.pl\/wp-content\/uploads\/2020\/02\/o-nas-bgg-page.jpg\" width=\"495\" height=\"598\" srcset=\"https:\/\/www.bergoviaevent.pl\/wp-content\/uploads\/2020\/02\/o-nas-bgg-page.jpg 495w, https:\/\/www.bergoviaevent.pl\/wp-content\/uploads\/2020\/02\/o-nas-bgg-page-250x302.jpg 250w, https:\/\/www.bergoviaevent.pl\/wp-content\/uploads\/2020\/02\/o-nas-bgg-page-120x145.jpg 120w\" sizes=\"auto, (max-width: 495px) 100vw, 495px\" alt=\"\" \t\tclass=\"so-widget-image\"\/>\n\t<\/div>\n\n<\/div><\/div><\/div><div id=\"pgc-9-2-1\"  class=\"panel-grid-cell\" ><div id=\"panel-9-2-1-0\" class=\"so-panel widget widget_sow-editor panel-first-child panel-last-child\" data-index=\"4\" ><div\n\t\t\t\n\t\t\tclass=\"so-widget-sow-editor so-widget-sow-editor-base\"\n\t\t\t\n\t\t>\n<div class=\"siteorigin-widget-tinymce textwidget\">\n\t<h3>Dlaczego eventy i szkolenia integracyjne z nami?<\/h3>\n<p>Zastan\u00f3w si\u0119, co jest dla Ciebie najwa\u017cniejsze? Rozmach, czy jako\u015b\u0107? \u2026. Spontaniczno\u015b\u0107, czy doskona\u0142a organizacja? Moja przygoda z organizacj\u0105 szkole\u0144 i event\u00f3w rozpocz\u0119\u0142a si\u0119 w korporacji, gdzie przez kilka lat odpowiada\u0142em za szkolenia i marketing. Organizowa\u0142em spotkania biznesowe i szkolenia integracyjne, odpowiada\u0142em za ich przygotowanie oraz za tre\u015bci merytoryczne. W p\u00f3\u017aniejszym okresie organizowa\u0142em r\u00f3wnie\u017c eventy sportowe, zar\u00f3wno dla dzieci, jak i dla doros\u0142ych, turnieje bran\u017cowe i olimpiady dla firm.<\/p>\n<p>Mo\u017ce to nieskromnie zabrzmi, lecz jestem dobrym organizatorem, znajomi m\u00f3wi\u0105, \u017ce perfekcjonist\u0105 \ud83d\ude42<br \/>\nJe\u015bli planujesz szkolenie, warsztat lub event, w\u0142a\u015bnie znalaz\u0142e\u015b w\u0142a\u015bciwych ludzi. Zach\u0119cam do spotkania w celu om\u00f3wienia szczeg\u00f3\u0142\u00f3w.<\/p>\n<\/div>\n<\/div><\/div><\/div><\/div><\/div><div id=\"pg-9-3\"  class=\"panel-grid panel-has-style\" ><div class=\"bgg siteorigin-panels-stretch panel-row-style panel-row-style-for-9-3\" data-stretch-type=\"full\" ><div id=\"pgc-9-3-0\"  class=\"panel-grid-cell\" ><div id=\"panel-9-3-0-0\" class=\"so-panel widget widget_sow-editor panel-first-child panel-last-child\" data-index=\"5\" ><div\n\t\t\t\n\t\t\tclass=\"so-widget-sow-editor so-widget-sow-editor-base\"\n\t\t\t\n\t\t>\n<div class=\"siteorigin-widget-tinymce textwidget\">\n\t<p>Zgodnie z wymogami ustawy o us\u0142ugach turystycznych posiadamy wpis do rejestru organizator\u00f3w turystyki i przedsi\u0119biorc\u00f3w u\u0142atwiaj\u0105cych nabywanie powi\u0105zanych us\u0142ug turystycznych Wojew\u00f3dztwa Kujawsko-Pomorskiego nr 388 oraz Gwarancj\u0119 Ubezpieczeniow\u0105 wydan\u0105 przez AXA Ubezpieczenia TUiR SA.<\/p>\n<p style=\"text-align: right;\">Artur Witenberg<br \/>\nBergovia Event<\/p>\n<\/div>\n<\/div><\/div><\/div><\/div><\/div><\/div>","protected":false},"excerpt":{"rendered":"Czy istnieje wycieczka idealna? Pewnie nie, ale w g\u0142owie Rodzica \u2013 tak. Jest to wycieczka, kt\u00f3r\u0105 sam zorganizowa\u0142 i wszystkiego dopilnowa\u0142 \ud83d\ude42 Jeste\u015b Rodzicem? Opiekunem? Ja te\u017c jestem \u2026 Pozna\u0142em wi\u0119kszo\u015b\u0107 obaw, poczu\u0142em troski zwi\u0105zane z wyjazdem dziecka na wycieczk\u0119 i ob\u00f3z. Zawsze dziesi\u0105tki pyta\u0144 przelatywa\u0142o mi przez g\u0142ow\u0119 \u2026 Czy moje dziecko b\u0119dzie bezpieczne?&#8230; <a class=\"view-article\" href=\"https:\/\/www.bergoviaevent.pl\/?page_id=9\">View Article<\/a>","protected":false},"author":1,"featured_media":0,"parent":0,"menu_order":7,"comment_status":"closed","ping_status":"closed","template":"template-page.php","meta":{"_acf_changed":false,"inline_featured_image":false,"footnotes":""},"class_list":["post-9","page","type-page","status-publish","hentry"],"acf":[],"_links":{"self":[{"href":"https:\/\/www.bergoviaevent.pl\/index.php?rest_route=\/wp\/v2\/pages\/9","targetHints":{"allow":["GET"]}}],"collection":[{"href":"https:\/\/www.bergoviaevent.pl\/index.php?rest_route=\/wp\/v2\/pages"}],"about":[{"href":"https:\/\/www.bergoviaevent.pl\/index.php?rest_route=\/wp\/v2\/types\/page"}],"author":[{"embeddable":true,"href":"https:\/\/www.bergoviaevent.pl\/index.php?rest_route=\/wp\/v2\/users\/1"}],"replies":[{"embeddable":true,"href":"https:\/\/www.bergoviaevent.pl\/index.php?rest_route=%2Fwp%2Fv2%2Fcomments&post=9"}],"version-history":[{"count":87,"href":"https:\/\/www.bergoviaevent.pl\/index.php?rest_route=\/wp\/v2\/pages\/9\/revisions"}],"predecessor-version":[{"id":807,"href":"https:\/\/www.bergoviaevent.pl\/index.php?rest_route=\/wp\/v2\/pages\/9\/revisions\/807"}],"wp:attachment":[{"href":"https:\/\/www.bergoviaevent.pl\/index.php?rest_route=%2Fwp%2Fv2%2Fmedia&parent=9"}],"curies":[{"name":"wp","href":"https:\/\/api.w.org\/{rel}","templated":true}]}}